{"id":111,"date":"2025-06-06T09:53:33","date_gmt":"2025-06-06T08:53:33","guid":{"rendered":"https:\/\/lglabogados.com\/?page_id=111"},"modified":"2025-06-06T09:54:39","modified_gmt":"2025-06-06T08:54:39","slug":"aviso-legal","status":"publish","type":"page","link":"https:\/\/lglabogados.com\/index.php\/aviso-legal\/","title":{"rendered":"Aviso Legal"},"content":{"rendered":"\t\t<div data-elementor-type=\"wp-page\" data-elementor-id=\"111\" class=\"elementor elementor-111\">\n\t\t\t\t<div class=\"elementor-element elementor-element-511200c e-flex e-con-boxed e-con e-parent\" data-id=\"511200c\" data-element_type=\"container\" data-settings=\"{&quot;background_background&quot;:&quot;classic&quot;}\">\n\t\t\t\t\t<div class=\"e-con-inner\">\n\t\t\t\t<div class=\"elementor-element elementor-element-3062cf0 elementor-widget elementor-widget-heading\" data-id=\"3062cf0\" data-element_type=\"widget\" data-widget_type=\"heading.default\">\n\t\t\t\t<div class=\"elementor-widget-container\">\n\t\t\t\t\t<h2 class=\"elementor-heading-title elementor-size-default\">Aviso Legal<\/h2>\t\t\t\t<\/div>\n\t\t\t\t<\/div>\n\t\t\t\t\t<\/div>\n\t\t\t\t<\/div>\n\t\t<div class=\"elementor-element elementor-element-9b2f490 e-flex e-con-boxed e-con e-parent\" data-id=\"9b2f490\" data-element_type=\"container\">\n\t\t\t\t\t<div class=\"e-con-inner\">\n\t\t\t\t<div class=\"elementor-element elementor-element-1be1fa7 elementor-widget elementor-widget-text-editor\" data-id=\"1be1fa7\" data-element_type=\"widget\" data-widget_type=\"text-editor.default\">\n\t\t\t\t<div class=\"elementor-widget-container\">\n\t\t\t\t\t\t\t\t\t<h3>Informaci\u00f3n general para dar cumplimiento al art\u00edculo 10 de la Ley 34\/2002, de 11 de julio, de servicios de la sociedad de la informaci\u00f3n y de comercio electr\u00f3nico:<\/h3>\n<ul>\n<li>Marca y Nombre comercial:\u00a0LGL Abogados Asesores<\/li>\n<li>Titular de la Marca y Nombre Comercial: Lidia Hurtado Herrer\u00eda, NIF 28794202L<\/li>\n<li>Domicilio: Avda. Alcalde Luis Uru\u00f1uela n\u00ba 6, Edificio Congresos, Oficina 105, 41020 Sevilla, Espa\u00f1a<\/li>\n<li>Tel\u00e9fono: 955 54 47 19<\/li>\n<li>Correo electr\u00f3nico:\u00a0<span id=\"cloak4647\"><a href=\"mailto:info@lglabogados.com\">info@lglabogados.com<\/a><\/span><\/li>\n<\/ul>\n<p>1. Consideraciones Previas<\/p>\n<p>Las presentes condiciones legales regulan el uso legal permitido de la p\u00e1gina con URLs\u00a0<a href=\"http:\/\/www.lglabogados.com\/\">http:\/\/www.lglabogados.com<\/a>\u00a0y\u00a0<a href=\"http:\/\/www.lglabogados.es\/\">http:\/\/www.lglabogados.es<\/a>, cuyo responsable legal es D\u00aa. Lidia Hurtado Herrer\u00eda, Abogada del Ilustre Colegio de Abogados de Sevilla, con n\u00famero de colegiada 12599, titular de LGL Abogados Asesores. Estas condiciones generales regulan el acceso y utilizaci\u00f3n que el propietario de la web pone gratuitamente a disposici\u00f3n de los usuarios de Internet. El acceso a la misma implica su aceptaci\u00f3n sin reservas. La adquisici\u00f3n de productos o servicios se regir\u00e1n, adem\u00e1s, por las condiciones particulares previstas en cada caso, las cuales se entender\u00e1n aceptadas por el mero uso de tales servicios.<\/p>\n<p>\u00a0<\/p>\n<p>2. Propiedad Intelectual e Industrial<\/p>\n<p>Los textos, im\u00e1genes, logos, signos distintivos, sonidos, animaciones, v\u00eddeos, c\u00f3digo fuente y resto de contenidos incluidos en este website son propiedad de\u00a0LGL Abogados Asesores, o dispone en su caso, del derecho de uso de los mismos, y en tal sentido se erigen como obras protegidas por la legislaci\u00f3n de propiedad intelectual e industrial vigente.<\/p>\n<p>Cualquier transmisi\u00f3n, distribuci\u00f3n, reproducci\u00f3n o almacenamiento, total o parcial, de los contenidos almacenados en esta web, queda expresamente prohibido salvo previo y expreso consentimiento del titular. No obstante, los usuarios podr\u00e1n llevar a cabo la reproducci\u00f3n o almacenamiento de los contenidos del website para su exclusivo uso personal, quedando expresa y terminantemente prohibida la reproducci\u00f3n de elementos o contenidos de este website, realizados con \u00e1nimo de lucro o fines comerciales.<\/p>\n<p>\u00a0<\/p>\n<p>3. Condiciones de Acceso<\/p>\n<p>LGL Abogados Asesores, se reserva la facultad de efectuar, en cualquier momento y sin necesidad de previo aviso, modificaciones y actualizaciones de la informaci\u00f3n contenida en la web, de la configuraci\u00f3n y presentaci\u00f3n de \u00e9sta, de las condiciones de acceso, condiciones de contrataci\u00f3n, etc. La empresa responsable de la web no garantiza la inexistencia de interrupciones o errores en el acceso a la p\u00e1gina o a su contenido, ni que \u00e9sta se encuentre actualizada o libre de virus ni de cualquier otro elemento en la que puedan producir alteraciones en su sistema inform\u00e1tico.\u00a0LGL Abogados Asesores\u00a0declina cualquier responsabilidad contractual o extracontractual con la persona o empresa que haga uso de ella y tuviera perjuicios de cualquier naturaleza ocasionados por virus inform\u00e1ticos o por elementos inform\u00e1ticos de cualquier \u00edndole. El titular de la web no responder\u00e1 de ninguna consecuencia, da\u00f1o o perjuicio que pudieran derivarse del uso prohibido de la informaci\u00f3n contenida en la misma o de los derivados de los servicios y opiniones efectuados por terceros.<\/p>\n<p>\u00a0<\/p>\n<p>4. Responsabilidad por Links<\/p>\n<p>La empresa responsable de la p\u00e1gina web, declina cualquier responsabilidad por los servicios y\/o informaci\u00f3n que se preste en otras p\u00e1ginas enlazadas con esta web.\u00a0LGL Abogados\u00a0Asesores no controla ni ejerce ning\u00fan tipo de supervisi\u00f3n cuando incluye el link a las mismas, con la creencia de que estos contenidos acatan la legislaci\u00f3n aplicable. No obstante, la utilizaci\u00f3n de links a otras p\u00e1ginas no supone en modo alguno responsabilizarse ni apropiaci\u00f3n del contenido de las mismas, sin que se pueda entender que se produce labor alguna de supervisi\u00f3n ni aprobaci\u00f3n de los cambios o informaciones que se realicen en ellas. Aconsejamos a los visitantes de las mismas actuar con prudencia y consultar las eventuales condiciones legales que se expongan en dichas webs.\u00a0LGL Abogados Asesores\u00a0no responde ni se hace cargo de ning\u00fan tipo de responsabilidad por los da\u00f1os y perjuicios que puedan relacionarse con el funcionamiento, disponibilidad y continuidad de los sitios enlazados.<\/p>\n<p>\u00a0<\/p>\n<p>5. Pol\u00edtica de Privacidad<\/p>\n<p>En cumplimiento de lo establecido en la Ley Org\u00e1nica 15\/1999, de 13 de diciembre, de Protecci\u00f3n de Datos de Car\u00e1cter Personal, y sus reglamentos de desarrollo,\u00a0LGL Abogados Asesores\u00a0le informa que los datos que proporcione a trav\u00e9s de los formularios incluidos en esta p\u00e1gina web, ser\u00e1n incorporados a un fichero con la finalidad de prestar y ofrecer nuestros servicios, responder a sus consultas, mantenerle informado sobre las promociones presentes o futuras de\u00a0LGL Abogados\u00a0Asesores, as\u00ed como el seguimiento comercial y la finalidad estad\u00edstica. Los datos recogidos son almacenados bajo la confidencialidad y las medidas de seguridad legalmente establecidas, y no ser\u00e1n cedidos ni compartidos con empresas ni personas ajenas a\u00a0LGL Abogados Asesores.\u00a0 Igualmente deseamos informarle que podr\u00e1 ejercer los derechos de acceso, rectificaci\u00f3n cancelaci\u00f3n u oposici\u00f3n a trav\u00e9s de los siguientes medios:<\/p>\n<p>-Correo electr\u00f3nico:\u00a0<span id=\"cloak98345\"><a href=\"mailto:info@lglabogados.com\">info@lglabogados.com<\/a><\/span><\/p>\n<p>-Comunicaci\u00f3n escrita al responsable legal del fichero:\u00a0LGL Abogados\u00a0Asesores. Avda. Alcalde Luis Uru\u00f1uela n\u00ba 6, Edificio Congresos, Oficina 105, 41020 Sevilla, Espa\u00f1a.<\/p>\n<p>\u00a0<\/p>\n<p>6. Lugar del Contrato y Fuero aplicable<\/p>\n<p>LGL Abogados Asesores\u00a0y el usuario, con renuncia expresa a cualquier otro fuero, se someten al de los Juzgados y Tribunales la ciudad de Sevilla (Espa\u00f1a) para cualquier controversia que pudiera derivarse del acceso, o uso de esta p\u00e1gina web, entendi\u00e9ndose celebrado el presente contrato electr\u00f3nico en la ciudad de Sevilla (Espa\u00f1a).<\/p>\t\t\t\t\t\t\t\t<\/div>\n\t\t\t\t<\/div>\n\t\t\t\t\t<\/div>\n\t\t\t\t<\/div>\n\t\t\t\t<\/div>\n\t\t","protected":false},"excerpt":{"rendered":"<p>Aviso Legal Informaci\u00f3n general para dar cumplimiento al art\u00edculo 10 de la Ley 34\/2002, de 11 de julio, de servicios de la sociedad de la informaci\u00f3n y de comercio electr\u00f3nico: Marca y Nombre comercial:\u00a0LGL Abogados Asesores Titular de la Marca y Nombre Comercial: Lidia Hurtado Herrer\u00eda, NIF 28794202L Domicilio: Avda. Alcalde Luis Uru\u00f1uela n\u00ba 6, [&hellip;]<\/p>\n","protected":false},"author":1,"featured_media":0,"parent":0,"menu_order":0,"comment_status":"closed","ping_status":"closed","template":"","meta":{"ocean_post_layout":"full-screen","ocean_both_sidebars_style":"","ocean_both_sidebars_content_width":0,"ocean_both_sidebars_sidebars_width":0,"ocean_sidebar":"","ocean_second_sidebar":"","ocean_disable_margins":"on","ocean_add_body_class":"","ocean_shortcode_before_top_bar":"","ocean_shortcode_after_top_bar":"","ocean_shortcode_before_header":"","ocean_shortcode_after_header":"","ocean_has_shortcode":"","ocean_shortcode_after_title":"","ocean_shortcode_before_footer_widgets":"","ocean_shortcode_after_footer_widgets":"","ocean_shortcode_before_footer_bottom":"","ocean_shortcode_after_footer_bottom":"","ocean_display_top_bar":"default","ocean_display_header":"default","ocean_header_style":"","ocean_center_header_left_menu":"","ocean_custom_header_template":"","ocean_custom_logo":0,"ocean_custom_retina_logo":0,"ocean_custom_logo_max_width":0,"ocean_custom_logo_tablet_max_width":0,"ocean_custom_logo_mobile_max_width":0,"ocean_custom_logo_max_height":0,"ocean_custom_logo_tablet_max_height":0,"ocean_custom_logo_mobile_max_height":0,"ocean_header_custom_menu":"","ocean_menu_typo_font_family":"","ocean_menu_typo_font_subset":"","ocean_menu_typo_font_size":0,"ocean_menu_typo_font_size_tablet":0,"ocean_menu_typo_font_size_mobile":0,"ocean_menu_typo_font_size_unit":"px","ocean_menu_typo_font_weight":"","ocean_menu_typo_font_weight_tablet":"","ocean_menu_typo_font_weight_mobile":"","ocean_menu_typo_transform":"","ocean_menu_typo_transform_tablet":"","ocean_menu_typo_transform_mobile":"","ocean_menu_typo_line_height":0,"ocean_menu_typo_line_height_tablet":0,"ocean_menu_typo_line_height_mobile":0,"ocean_menu_typo_line_height_unit":"","ocean_menu_typo_spacing":0,"ocean_menu_typo_spacing_tablet":0,"ocean_menu_typo_spacing_mobile":0,"ocean_menu_typo_spacing_unit":"","ocean_menu_link_color":"","ocean_menu_link_color_hover":"","ocean_menu_link_color_active":"","ocean_menu_link_background":"","ocean_menu_link_hover_background":"","ocean_menu_link_active_background":"","ocean_menu_social_links_bg":"","ocean_menu_social_hover_links_bg":"","ocean_menu_social_links_color":"","ocean_menu_social_hover_links_color":"","ocean_disable_title":"default","ocean_disable_heading":"default","ocean_post_title":"","ocean_post_subheading":"","ocean_post_title_style":"","ocean_post_title_background_color":"","ocean_post_title_background":0,"ocean_post_title_bg_image_position":"","ocean_post_title_bg_image_attachment":"","ocean_post_title_bg_image_repeat":"","ocean_post_title_bg_image_size":"","ocean_post_title_height":0,"ocean_post_title_bg_overlay":0.5,"ocean_post_title_bg_overlay_color":"","ocean_disable_breadcrumbs":"default","ocean_breadcrumbs_color":"","ocean_breadcrumbs_separator_color":"","ocean_breadcrumbs_links_color":"","ocean_breadcrumbs_links_hover_color":"","ocean_display_footer_widgets":"default","ocean_display_footer_bottom":"default","ocean_custom_footer_template":"","footnotes":""},"class_list":["post-111","page","type-page","status-publish","hentry","entry"],"yoast_head":"<!-- This site is optimized with the Yoast SEO plugin v25.3 - https:\/\/yoast.com\/wordpress\/plugins\/seo\/ -->\n<title>Aviso Legal - LGL Abogados \u00b7 Asesores<\/title>\n<meta name=\"robots\" content=\"index, follow, max-snippet:-1, max-image-preview:large, max-video-preview:-1\" \/>\n<link rel=\"canonical\" href=\"https:\/\/lglabogados.com\/index.php\/aviso-legal\/\" \/>\n<meta property=\"og:locale\" content=\"es_ES\" \/>\n<meta property=\"og:type\" content=\"article\" \/>\n<meta property=\"og:title\" content=\"Aviso Legal - LGL Abogados \u00b7 Asesores\" \/>\n<meta property=\"og:description\" content=\"Aviso Legal Informaci\u00f3n general para dar cumplimiento al art\u00edculo 10 de la Ley 34\/2002, de 11 de julio, de servicios de la sociedad de la informaci\u00f3n y de comercio electr\u00f3nico: Marca y Nombre comercial:\u00a0LGL Abogados Asesores Titular de la Marca y Nombre Comercial: Lidia Hurtado Herrer\u00eda, NIF 28794202L Domicilio: Avda. Alcalde Luis Uru\u00f1uela n\u00ba 6, [&hellip;]\" \/>\n<meta property=\"og:url\" content=\"https:\/\/lglabogados.com\/index.php\/aviso-legal\/\" \/>\n<meta property=\"og:site_name\" content=\"LGL Abogados \u00b7 Asesores\" \/>\n<meta property=\"article:publisher\" content=\"https:\/\/www.facebook.com\/LGL-Abogados-Asesores\" \/>\n<meta property=\"article:modified_time\" content=\"2025-06-06T08:54:39+00:00\" \/>\n<meta name=\"twitter:card\" content=\"summary_large_image\" \/>\n<meta name=\"twitter:site\" content=\"@lgl_abogados\" \/>\n<meta name=\"twitter:label1\" content=\"Tiempo de lectura\" \/>\n\t<meta name=\"twitter:data1\" content=\"5 minutos\" \/>\n<script type=\"application\/ld+json\" class=\"yoast-schema-graph\">{\"@context\":\"https:\/\/schema.org\",\"@graph\":[{\"@type\":\"WebPage\",\"@id\":\"https:\/\/lglabogados.com\/index.php\/aviso-legal\/\",\"url\":\"https:\/\/lglabogados.com\/index.php\/aviso-legal\/\",\"name\":\"Aviso Legal - LGL Abogados \u00b7 Asesores\",\"isPartOf\":{\"@id\":\"https:\/\/lglabogados.com\/#website\"},\"datePublished\":\"2025-06-06T08:53:33+00:00\",\"dateModified\":\"2025-06-06T08:54:39+00:00\",\"breadcrumb\":{\"@id\":\"https:\/\/lglabogados.com\/index.php\/aviso-legal\/#breadcrumb\"},\"inLanguage\":\"es\",\"potentialAction\":[{\"@type\":\"ReadAction\",\"target\":[\"https:\/\/lglabogados.com\/index.php\/aviso-legal\/\"]}]},{\"@type\":\"BreadcrumbList\",\"@id\":\"https:\/\/lglabogados.com\/index.php\/aviso-legal\/#breadcrumb\",\"itemListElement\":[{\"@type\":\"ListItem\",\"position\":1,\"name\":\"Portada\",\"item\":\"https:\/\/lglabogados.com\/\"},{\"@type\":\"ListItem\",\"position\":2,\"name\":\"Aviso Legal\"}]},{\"@type\":\"WebSite\",\"@id\":\"https:\/\/lglabogados.com\/#website\",\"url\":\"https:\/\/lglabogados.com\/\",\"name\":\"LGL Abogados \u00b7 Asesores\",\"description\":\"\",\"publisher\":{\"@id\":\"https:\/\/lglabogados.com\/#organization\"},\"potentialAction\":[{\"@type\":\"SearchAction\",\"target\":{\"@type\":\"EntryPoint\",\"urlTemplate\":\"https:\/\/lglabogados.com\/?s={search_term_string}\"},\"query-input\":{\"@type\":\"PropertyValueSpecification\",\"valueRequired\":true,\"valueName\":\"search_term_string\"}}],\"inLanguage\":\"es\"},{\"@type\":\"Organization\",\"@id\":\"https:\/\/lglabogados.com\/#organization\",\"name\":\"LGL Abogados \u00b7 Asesores\",\"url\":\"https:\/\/lglabogados.com\/\",\"logo\":{\"@type\":\"ImageObject\",\"inLanguage\":\"es\",\"@id\":\"https:\/\/lglabogados.com\/#\/schema\/logo\/image\/\",\"url\":\"https:\/\/lglabogados.com\/wp-content\/uploads\/2025\/06\/cropped-LGLnew_sinfondo-scaled.png\",\"contentUrl\":\"https:\/\/lglabogados.com\/wp-content\/uploads\/2025\/06\/cropped-LGLnew_sinfondo-scaled.png\",\"width\":2560,\"height\":851,\"caption\":\"LGL Abogados \u00b7 Asesores\"},\"image\":{\"@id\":\"https:\/\/lglabogados.com\/#\/schema\/logo\/image\/\"},\"sameAs\":[\"https:\/\/www.facebook.com\/LGL-Abogados-Asesores\",\"https:\/\/x.com\/lgl_abogados\",\"https:\/\/es.linkedin.com\/company\/lgl-abogados-y-asesores\"]}]}<\/script>\n<!-- \/ Yoast SEO plugin. -->","yoast_head_json":{"title":"Aviso Legal - LGL Abogados \u00b7 Asesores","robots":{"index":"index","follow":"follow","max-snippet":"max-snippet:-1","max-image-preview":"max-image-preview:large","max-video-preview":"max-video-preview:-1"},"canonical":"https:\/\/lglabogados.com\/index.php\/aviso-legal\/","og_locale":"es_ES","og_type":"article","og_title":"Aviso Legal - LGL Abogados \u00b7 Asesores","og_description":"Aviso Legal Informaci\u00f3n general para dar cumplimiento al art\u00edculo 10 de la Ley 34\/2002, de 11 de julio, de servicios de la sociedad de la informaci\u00f3n y de comercio electr\u00f3nico: Marca y Nombre comercial:\u00a0LGL Abogados Asesores Titular de la Marca y Nombre Comercial: Lidia Hurtado Herrer\u00eda, NIF 28794202L Domicilio: Avda. Alcalde Luis Uru\u00f1uela n\u00ba 6, [&hellip;]","og_url":"https:\/\/lglabogados.com\/index.php\/aviso-legal\/","og_site_name":"LGL Abogados \u00b7 Asesores","article_publisher":"https:\/\/www.facebook.com\/LGL-Abogados-Asesores","article_modified_time":"2025-06-06T08:54:39+00:00","twitter_card":"summary_large_image","twitter_site":"@lgl_abogados","twitter_misc":{"Tiempo de lectura":"5 minutos"},"schema":{"@context":"https:\/\/schema.org","@graph":[{"@type":"WebPage","@id":"https:\/\/lglabogados.com\/index.php\/aviso-legal\/","url":"https:\/\/lglabogados.com\/index.php\/aviso-legal\/","name":"Aviso Legal - LGL Abogados \u00b7 Asesores","isPartOf":{"@id":"https:\/\/lglabogados.com\/#website"},"datePublished":"2025-06-06T08:53:33+00:00","dateModified":"2025-06-06T08:54:39+00:00","breadcrumb":{"@id":"https:\/\/lglabogados.com\/index.php\/aviso-legal\/#breadcrumb"},"inLanguage":"es","potentialAction":[{"@type":"ReadAction","target":["https:\/\/lglabogados.com\/index.php\/aviso-legal\/"]}]},{"@type":"BreadcrumbList","@id":"https:\/\/lglabogados.com\/index.php\/aviso-legal\/#breadcrumb","itemListElement":[{"@type":"ListItem","position":1,"name":"Portada","item":"https:\/\/lglabogados.com\/"},{"@type":"ListItem","position":2,"name":"Aviso Legal"}]},{"@type":"WebSite","@id":"https:\/\/lglabogados.com\/#website","url":"https:\/\/lglabogados.com\/","name":"LGL Abogados \u00b7 Asesores","description":"","publisher":{"@id":"https:\/\/lglabogados.com\/#organization"},"potentialAction":[{"@type":"SearchAction","target":{"@type":"EntryPoint","urlTemplate":"https:\/\/lglabogados.com\/?s={search_term_string}"},"query-input":{"@type":"PropertyValueSpecification","valueRequired":true,"valueName":"search_term_string"}}],"inLanguage":"es"},{"@type":"Organization","@id":"https:\/\/lglabogados.com\/#organization","name":"LGL Abogados \u00b7 Asesores","url":"https:\/\/lglabogados.com\/","logo":{"@type":"ImageObject","inLanguage":"es","@id":"https:\/\/lglabogados.com\/#\/schema\/logo\/image\/","url":"https:\/\/lglabogados.com\/wp-content\/uploads\/2025\/06\/cropped-LGLnew_sinfondo-scaled.png","contentUrl":"https:\/\/lglabogados.com\/wp-content\/uploads\/2025\/06\/cropped-LGLnew_sinfondo-scaled.png","width":2560,"height":851,"caption":"LGL Abogados \u00b7 Asesores"},"image":{"@id":"https:\/\/lglabogados.com\/#\/schema\/logo\/image\/"},"sameAs":["https:\/\/www.facebook.com\/LGL-Abogados-Asesores","https:\/\/x.com\/lgl_abogados","https:\/\/es.linkedin.com\/company\/lgl-abogados-y-asesores"]}]}},"_links":{"self":[{"href":"https:\/\/lglabogados.com\/index.php\/wp-json\/wp\/v2\/pages\/111","targetHints":{"allow":["GET"]}}],"collection":[{"href":"https:\/\/lglabogados.com\/index.php\/wp-json\/wp\/v2\/pages"}],"about":[{"href":"https:\/\/lglabogados.com\/index.php\/wp-json\/wp\/v2\/types\/page"}],"author":[{"embeddable":true,"href":"https:\/\/lglabogados.com\/index.php\/wp-json\/wp\/v2\/users\/1"}],"replies":[{"embeddable":true,"href":"https:\/\/lglabogados.com\/index.php\/wp-json\/wp\/v2\/comments?post=111"}],"version-history":[{"count":5,"href":"https:\/\/lglabogados.com\/index.php\/wp-json\/wp\/v2\/pages\/111\/revisions"}],"predecessor-version":[{"id":116,"href":"https:\/\/lglabogados.com\/index.php\/wp-json\/wp\/v2\/pages\/111\/revisions\/116"}],"wp:attachment":[{"href":"https:\/\/lglabogados.com\/index.php\/wp-json\/wp\/v2\/media?parent=111"}],"curies":[{"name":"wp","href":"https:\/\/api.w.org\/{rel}","templated":true}]}}